ulate the remainder when 660 is divided by 161.
16
What is the remainder when 1787 is divided by 596?
595
What is the remainder when 26875 is divided by 6711?
31
Calculate the remainder when 1387 is divided by 813.
574
What is the remainder when 349127 is divided by 86?
53
Calculate the remainder when 38810 is divided by 3234.
2
Calculate the remainder when 23749 is divided by 7914.
7
What is the remainder when 6558 is divided by 5344?
1214
What is the remainder when 685 is divided by 5?
0
What is the remainder when 127225 is divided by 127?
98
Calculate the remainder when 15561 is divided by 912.
57
What is the remainder when 785534 is divided by 78?
74
What is the remainder when 177093 is divided by 12?
9
Calculate the remainder when 10273 is divided by 69.
61
Calculate the remainder when 104117 is divided by 201.
200
What is the remainder when 6218 is divided by 412?
38
What is the remainder when 6657 is divided by 94?
77
What is the remainder when 12067 is divided by 232?
3
Calculate the remainder when 3874 is divided by 924.
178
Calculate the remainder when 95471 is divided by 27.
26
Calculate the remainder when 28112 is divided by 9331.
119
Calculate the remainder when 3546 is divided by 354.
6
Calculate the remainder when 437753 is divided by 640.
633
Calculate the remainder when 16759 is divided by 1293.
1243
What is the remainder when 8023 is divided by 3886?
251
Calculate the remainder when 22240 is divided by 445.
435
Calculate the remainder when 168952 is divided by 107.
106
What is the remainder when 4235 is divided by 603?
14
Calculate the remainder when 34231 is divided by 30.
1
What is the remainder when 41257 is divided by 95?
27
What is the remainder when 270655 is divided by 27065?
5
What is the remainder when 5065 is divided by 389?
8
Calculate the remainder when 6649 is divided by 608.
569
Calculate the remainder when 17189 is divided by 38.
13
What is the remainder when 138077 is divided by 144?
125
What is the remainder when 17709 is divided by 99?
87
Calculate the remainder when 1280 is divided by 363.
191
What is the remainder when 335974 is divided by 866?
832
What is the remainder when 835 is divided by 19?
18
Calculate the remainder when 13337 is divided by 171.
170
Calculate the remainder when 69579 is divided by 10.
9
What is the remainder when 1352 is divided by 124?
112
What is the remainder when 12466 is divided by 18?
10
Calculate the remainder when 27713 is divided by 21.
14
What is the remainder when 73426 is divided by 3337?
12
What is the remainder when 59637 is divided by 213?
210
Calculate the remainder when 2142 is divided by 2142.
0
Calculate the remainder when 90309 is divided by 213.
210
Calculate the remainder when 2347 is divided by 789.
769
What is the remainder when 103813 is divided by 121?
116
What is the remainder when 3627504 is divided by 349?
347
Calculate the remainder when 36950 is divided by 7372.
90
What is the remainder when 81188 is divided by 8?
4
What is the remainder when 2552748 is divided by 25?
23
Calculate the remainder when 160414 is divided by 17821.
25
What is the remainder when 122727 is divided by 184?
183
What is the remainder when 9497 is divided by 43?
37
What is the remainder when 55057 is divided by 798?
793
What is the remainder when 1862 is divided by 649?
564
Calculate the remainder when 12483 is divided by 12402.
81
Calculate the remainder when 1714 is divided by 213.
10
Calculate the remainder when 2491 is divided by 95.
21
Calculate the remainder when 75529 is divided by 3.
1
What is the remainder when 3215 is divided by 1011?
182
Calculate the remainder when 4505 is divided by 643.
4
What is the remainder when 27210 is divided by 483?
162
Calculate the remainder when 276843 is divided by 16.
11
What is the remainder when 24072 is divided by 47?
8
What is the remainder when 425288 is divided by 41?
36
Calculate the remainder when 10053 is divided by 1576.
597
What is the remainder when 23534 is divided by 724?
366
Calculate the remainder when 617 is divided by 243.
131
Calculate the remainder when 1963 is divided by 220.
203
Calculate the remainder when 3756 is divided by 3754.
2
What is the remainder when 213745 is divided by 604?
533
Calculate the remainder when 6336 is divided by 1056.
0
Calculate the remainder when 52067 is divided by 1370.
7
Calculate the remainder when 2700 is divided by 441.
54
What is the remainder when 4024 is divided by 463?
320
Calculate the remainder when 2235 is divided by 522.
147
What is the remainder when 193263 is divided by 42?
21
What is the remainder when 661488 is divided by 1470?
1458
What is the remainder when 42062 is divided by 14019?
5
Calculate the remainder when 5004 is divided by 23.
13
What is the remainder when 163667 is divided by 6?
5
Calculate the remainder when 9689 is divided by 155.
79
Calculate the remainder when 316710 is divided by 3.
0
What is the remainder when 4970 is divided by 542?
92
Calculate the remainder when 1360037 is divided by 893.
891
Calculate the remainder when 565 is divided by 132.
37
Calculate the remainder when 192958 is divided by 80.
78
Calculate the remainder when 44939 is divided by 21.
20
What is the remainder when 12577 is divided by 6282?
13
What is the remainder when 551137 is divided by 91854?
13
What is the remainder when 96188 is divided by 1069?
1047
Calculate the remainder when 20817 is divided by 33.
27
Calculate the remainder when 651791 is divided by 583.
580
Calculate the remainder when 641949 is divided by 370.
369
What is the remainder when 70358 is divided by 143?
2
Calculate the remainder when 31135 is divided by 297.
247
What is the remainder when 1697 is divided by 36?
5
What is the remainder when 4436 is divided by 369?
8
What is the remainder when 8789 is divided by 399?
11
What is the remainder when 3234 is divided by 567?
399
What is the remainder when 55895 is divided by 130?
125
Calculate the remainder when 2272 is divided by 641.
349
What is the remainder when 6575 is divided by 188?
183
Calculate the remainder when 232 is divided by 78.
76
Calculate the remainder when 127808 is divided by 100.
8
What is the remainder when 28438 is divided by 14213?
12
What is the remainder when 3312 is divided by 564?
492
What is the remainder when 19882 is divided by 252?
226
Calculate the remainder when 70957 is divided by 710.
667
Calculate the remainder when 1013 is divided by 23.
1
Calculate the remainder when 271 is divided by 140.
131
Calculate the remainder when 8653 is divided by 550.
403
Calculate the remainder when 195985 is divided by 39187.
50
What is the remainder when 1508 is divided by 725?
58
What is the remainder when 195127 is divided by 606?
601
What is the remainder when 146349 is divided by 42?
21
What is the remainder when 946437 is divided by 41149?
10
What is the remainder when 3201 is divided by 3098?
103
What is the remainder when 5489 is divided by 342?
17
Calculate the remainder when 81738 is divided by 25.
13
Calculate the remainder when 8292 is divided by 35.
32
Calculate the remainder when 8531 is divided by 2399.
1334
What is the remainder when 3327 is divided by 270?
87
What is the remainder when 33531 is divided by 627?
300
What is the remainder when 72815 is divided by 27?
23
Calculate the remainder when 4743 is divided by 1509.
216
Calculate the remainder when 6652 is divided by 2211.
19
What is the remainder when 11719 is divided by 322?
127
Calculate the remainder when 1138 is divided by 369.
31
What is the remainder when 231323 is divided by 2203?
8
What is the remainder when 36086 is divided by 151?
148
What is the remainder when 35327 is divided by 2349?
92
Calculate the remainder when 1997 is divided by 400.
397
What is the remainder when 1910 is divided by 73?
12
What is the remainder when 3947 is divided by 563?
6
What is the remainder when 8270 is divided by 378?
332
What is the remainder when 364018 is divided by 10?
8
What is the remainder when 14248 is divided by 4747?
7
Calculate the remainder when 26053 is divided by 97.
57
Calculate the remainder when 1267 is divided by 144.
115
What is the remainder when 135833 is divided by 81?
77
What is the remainder when 22703 is divided by 88?
87
Calculate the remainder when 16